 is the remainder when 34665137 is divided by 895?
892
Calculate the remainder when 284908055 is divided by 6.
5
What is the remainder when 358821 is divided by 5785?
151
What is the remainder when 1654270 is divided by 9345?
205
What is the remainder when 1017145089 is divided by 62?
59
What is the remainder when 3689379 is divided by 1346?
1339
What is the remainder when 122909 is divided by 1537?
1486
Calculate the remainder when 109867 is divided by 36117.
1516
Calculate the remainder when 7396203 is divided by 2465400.
3
What is the remainder when 77193267 is divided by 389?
107
Calculate the remainder when 6191732 is divided by 287.
281
What is the remainder when 63329350 is divided by 1721?
1713
What is the remainder when 699611 is divided by 275?
11
Calculate the remainder when 67005544 is divided by 9940.
4
Calculate the remainder when 3281978 is divided by 709.
17
What is the remainder when 756688 is divided by 110?
108
What is the remainder when 19955342 is divided by 4?
2
Calculate the remainder when 4805 is divided by 763.
227
Calculate the remainder when 149707 is divided by 784.
747
Calculate the remainder when 559872 is divided by 17157.
10848
What is the remainder when 274408 is divided by 137196?
16
Calculate the remainder when 1696424 is divided by 2311.
150
Calculate the remainder when 25383 is divided by 3408.
1527
Calculate the remainder when 942039 is divided by 470219.
1601
Calculate the remainder when 5518603 is divided by 183953.
13
What is the remainder when 2490940 is divided by 1144?
452
Calculate the remainder when 1595756 is divided by 404.
360
What is the remainder when 51756675 is divided by 123?
120
Calculate the remainder when 59142418 is divided by 14785603.
6
What is the remainder when 679392 is divided by 5070?
12
What is the remainder when 12242 is divided by 1750?
1742
Calculate the remainder when 902029 is divided by 687.
685
Calculate the remainder when 5491863 is divided by 125.
113
Calculate the remainder when 16159 is divided by 4823.
1690
What is the remainder when 14851647 is divided by 4079?
8
Calculate the remainder when 545249 is divided by 75.
74
Calculate the remainder when 78058 is divided by 6307.
2374
Calculate the remainder when 616513 is divided by 2326.
123
What is the remainder when 24119 is divided by 7795?
734
Calculate the remainder when 53326859 is divided by 3391.
3384
Calculate the remainder when 69692126 is divided by 1756.
1754
Calculate the remainder when 1801207 is divided by 45.
37
Calculate the remainder when 10428754 is divided by 13085.
9
Calculate the remainder when 9860039 is divided by 72.
71
Calculate the remainder when 136855 is divided by 3400.
855
Calculate the remainder when 152228 is divided by 150841.
1387
Calculate the remainder when 76230253 is divided by 18.
1
Calculate the remainder when 30556 is divided by 5017.
454
What is the remainder when 137623 is divided by 6877?
83
What is the remainder when 3639865 is divided by 173321?
124
Calculate the remainder when 7705762 is divided by 30823.
12
Calculate the remainder when 4063113 is divided by 4313.
267
Calculate the remainder when 138462 is divided by 4969.
4299
What is the remainder when 60772976 is divided by 17?
16
Calculate the remainder when 6849 is divided by 6297.
552
What is the remainder when 23831935 is divided by 2643?
4
Calculate the remainder when 450259 is divided by 9190.
9139
What is the remainder when 2022897 is divided by 961?
953
What is the remainder when 26494018 is divided by 26?
18
What is the remainder when 8854636 is divided by 650?
336
What is the remainder when 3504427 is divided by 186?
1
What is the remainder when 1054660 is divided by 1054658?
2
Calculate the remainder when 4573029 is divided by 12227.
131
What is the remainder when 565112 is divided by 158?
104
What is the remainder when 305766 is divided by 171?
18
What is the remainder when 5990697 is divided by 352360?
577
What is the remainder when 2492167 is divided by 2299?
51
Calculate the remainder when 5358084 is divided by 4647.
93
What is the remainder when 267549345 is divided by 12?
9
Calculate the remainder when 966703 is divided by 608.
591
What is the remainder when 157294022 is divided by 31458799?
27
Calculate the remainder when 3911667 is divided by 1303887.
6
Calculate the remainder when 4873705 is divided by 2436843.
19
What is the remainder when 71565 is divided by 107?
89
Calculate the remainder when 16334947 is divided by 9918.
1
What is the remainder when 1637331 is divided by 1636916?
415
What is the remainder when 73144 is divided by 7312?
24
Calculate the remainder when 7498681 is divided by 577.
566
What is the remainder when 17685323 is divided by 17685314?
9
Calculate the remainder when 313644 is divided by 1108.
80
What is the remainder when 174921 is divided by 56685?
4866
Calculate the remainder when 52067 is divided by 16921.
1304
What is the remainder when 12988003 is divided by 80?
3
What is the remainder when 890913 is divided by 1354?
1335
Calculate the remainder when 1263710 is divided by 8049.
17
Calculate the remainder when 29562159 is divided by 591242.
59
What is the remainder when 2045504 is divided by 147?
146
What is the remainder when 136577 is divided by 863?
223
What is the remainder when 517542 is divided by 3981?
12
Calculate the remainder when 95914090 is divided by 64.
42
What is the remainder when 103281 is divided by 6071?
74
Calculate the remainder when 111876862 is divided by 2584.
2582
What is the remainder when 254139 is divided by 9774?
15
What is the remainder when 367546 is divided by 1686?
1684
Calculate the remainder when 3569865 is divided by 1189943.
36
Calculate the remainder when 69418970 is divided by 87.
17
Calculate the remainder when 80387 is divided by 77777.
2610
Calculate the remainder when 85663 is divided by 47.
29
Calculate the remainder when 1354386 is divided by 17144.
10
What is the remainder when 362140 is divided by 180195?
1750
Calculate the remainder when 54594 is divided by 10383.
2679
Calculate the remainder when 2352104 is divided by 1176046.
12
What is the remainder when 522761 is divided by 261021?
719
Calculate the remainder when 3065770 is divided by 1021646.
832
Calculate the remainder when 1553576 is divided by 682.
662
Calculate the remainder when 609090 is divided by 20.
10
What is the remainder when 31972 is divided by 30902?
1070
Calculate the remainder when 28482 is divided by 8142.
4056
What is the remainder when 14433268 is divided by 7216634?
0
What is the remainder when 5795467 is divided by 222902?
15
Calculate the remainder when 3920622 is divided by 1838.
168
Calculate the remainder when 20196 is divided by 8004.
4188
Calculate the remainder when 145283077 is divided by 139.
138
What is the remainder when 465649 is divided by 335?
334
What is the remainder when 19049528 is divided by 27?
2
What is the remainder when 233267 is divided by 28989?
1355
Calculate the remainder when 803453 is divided by 133760.
893
What is the remainder when 5204083 is divided by 208162?
33
Calculate the remainder when 53063860 is divided by 9063.
9058
Calculate the remainder when 834035 is divided by 858.
59
Calculate the remainder when 190904644 is divided by 313.
310
What is the remainder when 7753891 is divided by 243?
4
What is the remainder when 146944 is divided by 73124?
696
What is the remainder when 755156 is divided by 1216?
20
What is the remainder when 953781 is divided by 577?
0
What is the remainder when 1028033660 is divided by 336?
332
Calculate the remainder when 1974693037 is divided by 1324.
1321
Calculate the remainder when 42120270 is divided by 5265032.
14
Calculate the remainder when 206582 is divided by 471.
284
What is the remainder when 12999358 is divided by 287?
267
Calculate the remainder when 24580441 is divided by 86.
7
What is the remainder when 3708634 is divided by 741721?
29
What is the remainder when 2941830 is divided by 226?
214
Calculate the remainder when 8604921 is divided by 9020.
8861
What is the remainder when 93082 is divided by 1651?
626
What is the remainder when 19827414 is divided by 1180?
1054
Calculate the remainder when 72465695 is divided by 100.
95
What is the remainder when 19390164 is